rue
Let a(j) = -j**2 - 3*j + 6. Let k be a(-4). Suppose -2*v - 4*x = -390, v - 207 = -k*x + 3*x. Is v prime?
False
Let b = -31778 - -102561. Is b a composite number?
False
Suppose 49200 = 2*f + 4*f. Is f/28 + (-4)/(-28) prime?
True
Let x be (3 - 2)*4 + 1083. Suppose 0 = s - 4*j - x, 4*s - 2*j = -6*j + 4348. Is s composite?
False
Suppose 5*w = -i + 59439, -4*w = -2*i - 90 - 47450. Is w a composite number?
False
Suppose i + 528 = t + 6*i, -3 = -i. Let w = 678 - 1042. Let u = w + t. Is u a prime number?
True
Let k(g) = 507*g**2 - 17*g + 3. Is k(-5) prime?
True
Suppose -135*f + 60 = -131*f. Suppose 6*r = f*r - 48663. Is r a prime number?
True
Let o(f) = f**3 - 5*f + 3. Let v be (-4)/(2/6*3). Let g be o(v). Let q = 74 + g. Is q prime?
False
Let w(z) = -2*z**3 - 46*z**2 + 46*z + 42. Is w(-32) a composite number?
True
Suppose -4*s + 0*v + 4288 = 4*v, -5*s - 4*v = -5361. Is s a prime number?
False
Suppose -3*x - 4*v - 883 = -0*x, -2*v = -4*x - 1170. Let o = 822 + x. Is o a composite number?
True
Suppose -61805 - 41361 = -14*k. Is k a prime number?
True
Suppose -9348 = -4*h + 4*c, -2*h + c + 2649 = -2021. Is h a prime number?
True
Let x(g) = 55 + 8 + 82 + 3*g. Is x(0) a prime number?
False
Suppose 6*q - 53202 = 4800. Is q composite?
True
Let f(d) = -5*d + 2. Let b be f(3). Let g(w) = w + 24. Let q(y) = 4*y + 82. Let k(a) = 21*g(a) - 6*q(a). Is k(b) prime?
False
Suppose 4*t + 3*b = 5*b - 3590, -5*t = -5*b + 4495. Is -1 + 9/((-36)/t) composite?
False
Let h be (-1846)/(-10) - (-2)/(-10)*-2. Let o = 512 + h. Is o prime?
False
Let m = 1162 + 699. Is m prime?
True
Suppose 3*t - 4219 = -4*d, -t + 2813 = t + 3*d. Suppose -2*f = k - 4, -k + 4*f - 2*f = -4. Suppose k*o - t + 177 = 0. Is o a composite number?
False
Suppose -2644 = -3*n + 884. Suppose n = -4*c + 4636. Is c a composite number?
True
Let u = 21 + -18. Suppose u*t - 6654 = -3*t. Is t composite?
False
Let i = -17 + 13. Let s be (-2 - i)*(0 + 2). Suppose s*v + 39 + 20 = 3*y, 0 = 5*y - 2*v - 75. Is y a composite number?
False
Suppose j = -2*j - 3*b + 6, 0 = -2*j + 5*b + 4. Let g be j/2 + (3 - 38). Let x = g + 67. Is x a prime number?
False
Let s = -728 - 710. Is (10/4 - 3)*s composite?
False
Let b(q) = -656*q + 20. Let l be b(-9). Suppose 0 = -0*h - h + 5*f + 1481, l = 4*h + f. Is h prime?
True
Let y(q) be the second derivative of q**4/12 - 7*q**3/6 + 7*q**2/2 - 5*q. Let w be y(5). Is -2 - 45/(-6 - w) prime?
True
Suppose 5*c = 2*z + 110, -91 = -4*c - z + 2*z. Is 1/((2/(-6))/((-1736)/c)) composite?
True
Suppose -a + 5*n + 7 = -5*a, -1 = a + n. Suppose -a*o = -5*j - 28 + 10, -4*j + 12 = 5*o. Suppose -o*i + 434 = -10. Is i prime?
False
Suppose 8*w + 4*s = 5*w + 29, 0 = -3*w - 5*s + 25. Is (-6)/(-4)*1490/w a prime number?
True
Suppose 0 = 5*p - 9 - 21. Suppose -9*b + 1839 = -p*b. Is b composite?
False
Suppose -m - 5*p + 4318 = -6064, 4*p - 20734 = -2*m. Is m a prime number?
True
Let d be 616/14 + (0 - 0). Is 1805/4 + (-11)/d a composite number?
True
Suppose 0 = -30*b + 56*b - 353782. Is b prime?
False
Suppose 15*j - 8042 = 14713. Is j prime?
False
Suppose 0 = 4*n + z - 13416, -3*n + 5*z = -7695 - 2344. Is n a prime number?
False
Let z(f) = 16*f**3 - 10*f**2 - 9*f - 7. Let u be z(9). Is (6/4)/(21/u) composite?
False
Let v(f) = f**3 - 7*f**2 + 6*f + 5. Let i be v(5). Let j be (-71)/((i/39)/5). Suppose 0 = 2*m + j - 4041. Is m prime?
True
Let h(l) = -26*l**3 - 23*l**2 - 37*l + 7. Is h(-5) a prime number?
False
Let j(y) = -2*y**3 + 21*y**2 - 13*y + 38. Let s(u) = u**3 - 21*u**2 + 14*u - 39. Let h(v) = -2*j(v) - 3*s(v). Is h(-17) composite?
True
Suppose 5*j = 3*u - 3, -5*u - 5*j = -u + 31. Is u - 4052/(-3 + -1) a composite number?
False
Is (-11516)/(-4)*(-2)/(-2) prime?
True
Suppose 4*y = 2*m - 12, y = -0*y - m. Let g = -200 + 208. Is 2*(-422)/g*y composite?
False
Let n = -9 + 9. Suppose -3*c + 10 - 106 = n. Let a = -1 - c. Is a a composite number?
False
Let f(v) = -12*v - 74. Is f(-8) composite?
True
Is ((-24)/(-30))/(4 + 376116/(-94030)) a composite number?
True
Suppose 0 = 5*h - r - 5044, -h + 3*r + 383 = -637. Suppose h = 3*z - 1719. Suppose -x + 225 = -s + 36, -5*x = 4*s - z. Is x composite?
True
Let x = -563 + 852. Is x a prime number?
False
Let l(n) be the third derivative of -5*n**2 - 1/4*n**4 + 7/6*n**3 + 13/30*n**5 + 0*n + 0. Is l(3) prime?
True
Let w(b) = b**3 - 2*b**2 + 4*b. Let k be w(3). Suppose -4*o - k = -845. Suppose -h + o = h. Is h a prime number?
True
Suppose c + 2 = 8. Let w be (c/(-4))/((-1)/(-4)). Let f = 29 + w. Is f a prime number?
True
Suppose -243*j + 266*j = 831979. Is j a prime number?
False
Let p be 5/((-5)/(-14)) + -4. Suppose p = g - 27. Is g prime?
True
Let t(j) = 3*j**2 + 3*j + 47 + 78 + 41 - 4*j**2. Is t(0) a composite number?
True
Let q(g) = g**3 + 15*g**2 + 8*g + 1. Suppose 2*r + 70 = -8*r. Is q(r) composite?
False
Let f(j) = 2065*j - 47. Is f(2) a prime number?
False
Suppose -3*r + r = -940. Let q = 681 - r. Is q composite?
False
Let y(m) = -209*m + 116. Let q(w) = -139*w + 77. Let v(s) = 7*q(s) - 5*y(s). Is v(5) prime?
False
Let i be (-2 - (-7)/4) + (-21)/28. Is (i*2)/(-1 - 932/(-940)) a prime number?
False
Suppose 0*c = 5*g + 3*c - 24, g + 4*c = 15. Is g + (-32)/(-4 - -2) a composite number?
False
Let k(y) be the first derivative of 4*y**3/3 + y**2 - 6*y + 2. Let a be k(-6). Suppose -5*p + 632 = -3*r, p + 0*r - r = a. Is p a composite number?
False
Suppose -2*j = -n - 2803, 4*j + 3*n = -2*n + 5571. Is j composite?
False
Let w = 17 + -9. Let j(a) = 88*a + 9. Is j(w) composite?
True
Suppose -60 = -6*p + p. Let i(r) = 1 + 10*r + p*r + 12*r. Is i(3) a prime number?
True
Suppose 3*z - 5*c + 5892 = -z, -4*c = -2*z - 2946. Is z/(-12) - (-1)/4 composite?
True
Let r be 0/3*(0 + -1). Suppose 4*f - v - 1961 = r, -5*f + 4*v + 1270 + 1173 = 0. Is f composite?
False
Let b be 1*(-4)/(8/(-6)). Suppose -b*o + 2*o + 2 = 0, 5957 = 5*h - 4*o. Suppose 4*r = 5*y - 1177, 5*y + 3*r + r - h = 0. Is y a composite number?
True
Let o = 49517 - 32236. Is o a composite number?
True
Suppose 12 - 6 = 3*t. Is t - 6954/(-14) - 6/(-21) a prime number?
True
Let w = -9 + 8. Let r = w + 4. Is (-1461)/(-12) - r/(-12) a prime number?
False
Let k(l) = -2690*l**3 + 7*l - 2. Let g(p) = 4035*p**3 - 10*p + 3. Let v(m) = 5*g(m) + 7*k(m). Is v(1) a prime number?
False
Let y(z) = z**2 - 5*z - 1. Let m be y(4). Let k = m + 7. Suppose 4*i - 36 = i + 5*o, 0 = k*o + 6. Is i a composite number?
False
Let r = -73 - -66. Is (1028/(-12))/(r/21) composite?
False
Let d(p) = p + 1. Let g(j) = -j**2 - 17*j - 29. Let h(v) = 4*d(v) - g(v). Is h(20) composite?
False
Let l = 8909 - 1416. Is l a composite number?
True
Let d(j) = -j + 8. Let i be d(7). Let l(c) = 86*c - 1. Let s be l(i). Is 3 + (s + 1)*1 a composite number?
False
Let i = -62 + 66. Suppose 2*g - 3025 = -h + i*g, -h = 5*g - 2997. Is h prime?
False
Let t(v) = 2*v**2 - 18*v - 29. Let i be t(14). Suppose n + 5*w = -i, 83 + 202 = -3*n + w. Let s = -37 - n. Is s a composite number?
False
Suppose 9 + 12 = z. Suppose 3*q = c - z, 2*q + q - 4*c = -21. Let a = q - -506. Is a a prime number?
True
Let i(t) = t**3 + 4*t**2 - 6*t. Let r be i(-5). Let v(g) = 24*g + 11. Is v(r) prime?
True
Suppose 2*x - 9 = -4*v - 61, -5*x + 5*v = 175. Let n = -35 - x. Is (-466)/n - (-20)/12 a composite number?
False
Let l(q) = 5947*q**2 + 8*q. Is l(-1) prime?
True
Is (-9)/(-4) - 3 - 9510/(-40) a prime number?
False
Let p(y) = -3642*y**3 - y**2 - 10*y - 17. Is p(-2) composite?
True
Let x = -21 - -5. Let w = x - -16. Suppose -879 = -r + 2*b, w*r + 874 = r - 3*b. Is r a composite number?
True
Let c = 15 - 16. Let b(d) = 237*d**2 - 2*d - 2. Is b(c) a prime number?
False
Let g be -12*(3 - (-76)/12). Let u = g - -594. Is u a prime number?
False
Let p = -2 - -11. Suppose -p*y = -6*y - 1833. Suppose -4*w - 1317 = -2*t - 71, 5*w = t - y. Is t a composite number?
False
Let f = 29 + -17. Let w be (f/8)/1*2. Suppose -w*p = 3, 0*r - 1499 = -3*r + 2*p. Is r a prime number?
True
Let w be ((-36)/15)/(8/(-60)). Suppose -w + 3 = -5*x. Suppose 0 = -x*i - 67 + 1300. Is i prime?
False
Suppose 0 = -3*s - 2*l + 8502, -1718 - 9625 = -4*s - 5*l. Let r = 4981 - s. Is r prime?
False
Let b(i) = -i**2 + 7*i + 3. Let m be b(7). Suppose -3*y + 450 = m*t - 0*y, 4*t = 5*y + 555. Is t a composite number?
True
Suppose l = -z + 254, 0